 0. Let j(l) = 19*l + 4. What is the units digit of j(f)?
1
Suppose h + j + 3*j - 26 = 0, -j + 17 = 2*h. Let o = -11 + h. What is the units digit of (-4)/(-10) + (-48)/o?
0
Suppose 4*h = w + 207, 0 = -5*h + 40*w - 39*w + 260. What is the tens digit of h?
5
Let m be 8/6 - 2/(-3). Suppose -2*s + b = 0, -5*s + 3*b + m = 3. What is the tens digit of 7*(s + -2 - -8)?
4
Let i be (-2 + 57/9)*-6. Let p = i - -42. Let l = p + 1. What is the tens digit of l?
1
Suppose -5*y = 4*q - 26, 14 = 5*q - 3*y - 0*y. Suppose 5*g + 0*w - 68 = -3*w, -q*g = -w - 51. What is the tens digit of g?
1
Suppose -8*n + 13*n = 25. Let c = n + 0. Suppose -c*y = -3*m + 52, -3*m + 94 = 2*m - y. What is the units digit of m?
9
Let l = -218 + 403. Suppose 103 + l = 9*y. What is the tens digit of y?
3
Suppose -16 = 6*d - 10*d. Suppose -4*m + d*f + 12 = 0, 2*m - 4*f + 24 = 4*m. Suppose -m*a = -a - 3*h - 200, -a + 42 = -h. What is the units digit of a?
7
Let w = -6 + 10. Suppose -2*n + 185 = -3*d, -2*n + w*d = 54 - 236. What is the units digit of n?
7
Let q = 37 - 26. Let u be 1*13 + (q - 8). Suppose 5*j + 3*r - r = 23, -4*j = 4*r - u. What is the units digit of j?
5
Let z(n) = 5*n**2 + 14*n - 39. Suppose 0 = 4*o - 3*b - 12, 0*o + 5*b - 26 = -o. What is the units digit of z(o)?
5
Let n be -12*(-25)/(-15)*(-1)/5. Suppose n*z = 0, 4*z - 35 = -4*s + 161. What is the tens digit of s?
4
Suppose 7*r - 745 = -192. What is the tens digit of r?
7
Suppose 93 = -5*f + 768. Let q = -74 + f. What is the tens digit of q?
6
Let l be (2 - 4)/((-3)/6). Suppose -7*g + 3*g + 174 = -2*m, -219 = -5*g + l*m. What is the tens digit of g?
4
Suppose 2*n = -4*o - 20, 2*o - 13 = 4*n - 3. Let t be n/20 + 6/5. What is the units digit of t*2 - (-20 - -11)?
1
Suppose 3*g - 5*w - 1610 = 0, 0 = -2*g - 3*w - 0*w + 1086. What is the tens digit of (-1)/(((-2)/g)/(4/10))?
0
Let d = 7 - -2. Suppose 0 = 6*k - d*k - 9. What is the units digit of (k + 48/20)*-15?
9
What is the units digit of (9 + -6 - -6) + 0/1?
9
Let z(y) = 102*y**2 + 2*y + 5. Let f(j) = 205*j**2 + 4*j + 9. Let b(v) = 3*f(v) - 5*z(v). What is the hundreds digit of b(-1)?
1
Let k(o) = 7 - o**3 - 8 - 9*o**2 + 0. Let r be k(-9). What is the tens digit of 137/4 + r/4?
3
Let u(h) = -h**2 + 36. Suppose 3*g + 2*p - 3 = p, 2*g + 12 = 4*p. Suppose 0 = 2*b - 2*z - z, 5*b + 5*z = g. What is the units digit of u(b)?
6
What is the hundreds digit of ((-150)/125)/((-3)/1795)?
7
Let f(m) = m**2 - m - 2. Let o(s) = -s**2 + s + 1. Let i(w) = -f(w) - 2*o(w). Let c be i(0). Let y(p) = p**2 + 3. What is the units digit of y(c)?
3
Let i be (-1431)/(-15) + 2/(-5). Suppose -11*z + 302 = 962. Let a = z + i. What is the units digit of a?
5
Let y(h) = -50*h**2 + 1. Let s be y(-1). Let n = s + 88. What is the tens digit of n?
3
Suppose -566 = 4*u - 6*u. What is the tens digit of u?
8
Suppose 2*p - b - 338 = 0, 0*b - 169 = -p + b. Suppose -101 = -3*h + p. Let s = -43 + h. What is the units digit of s?
7
Let r(c) = -15*c**2 + 31*c - 59. Let n(z) = -7*z**2 + 16*z - 30. Let d(u) = 13*n(u) - 6*r(u). What is the units digit of d(16)?
0
Let q(i) = i**3 + 4*i**2 - 5*i. What is the units digit of q(-4)?
0
Let b(o) = -o**3 - 6*o**2 - 3*o + 3. Let r be b(-6). Suppose 5*q = -r + 116. Suppose 0 = 4*m + q - 63. What is the tens digit of m?
1
Suppose -f = -4*f + 1089. Suppose -2*z + 61 = -f. Suppose -3*r = r - z. What is the tens digit of r?
5
Suppose -w - 5*d + 46 = 0, 6*d - 4*d = w - 18. Suppose 134 = 2*n + w. Let g = -23 + n. What is the tens digit of g?
3
Let b(u) = u. Let g(o) = -8*o - 10. Let q(h) = -2*b(h) + g(h). What is the units digit of q(-6)?
0
Let t be 1*4 + -3*(-8)/(-12). Suppose -3*z - z + t*o = -346, 3*z + o = 262. What is the tens digit of z?
8
Let g(t) = 4*t + 24. Let p be g(-16). Let k = 109 + p. What is the tens digit of k?
6
Let a(r) = 0*r + 16*r**2 + 36*r**2 - 4 + 5 - r. Let s be a(1). What is the units digit of s + 0 + (-12)/3?
8
Let f(i) = 20 + 0 - 21 - i + 6. Let j = -2 - 7. What is the tens digit of f(j)?
1
Let r = -77 + 198. What is the units digit of r?
1
Suppose 18*w - 49910 = -5*w. What is the units digit of w?
0
Let i(a) be the third derivative of 5*a**4/8 - a**3/6 - a**2. Let n be i(3). Suppose 0*t - 92 = -4*t + 4*f, 3*t - n = -2*f. What is the units digit of t?
8
What is the units digit of -4 + -73*80/(-8)?
6
Suppose -5*r + 2*w + 30 = 6*w, 0 = -3*r - 2*w + 16. Let h(y) = 3 + 7*y + r*y - y - y. What is the tens digit of h(4)?
3
Let p(r) be the first derivative of r**3/3 - 5*r**2/2 + 6*r - 1. Let h be p(5). Suppose -44 = -h*k + 2*k. What is the units digit of k?
1
What is the tens digit of 609 - (4/4 + 4)?
0
Let m(j) = -394*j - 165. What is the units digit of m(-8)?
7
Suppose -17*i + 15 = -12*i. What is the units digit of (4*i/(-24))/((-2)/536)?
4
Suppose 0 = -314*t + 306*t + 560. Let w be (6/(-9))/(1/3). What is the units digit of ((-180)/t)/(w/28)?
6
Let y(b) = 5*b**2 - 7*b - 8. Let h(l) = -11*l**2 + 14*l + 17. Let z(w) = -4*h(w) - 9*y(w). Suppose 85 = -q + 91. What is the tens digit of z(q)?
1
Let l = 15 + -4. Suppose 2*t + 10 = -8. Let y = l + t. What is the units digit of y?
2
Let y(b) = -5*b + 4. Suppose -3*q + 59 = 2*d, 3*d + 5*q - 89 = -0*d. Let n = 21 - d. What is the tens digit of y(n)?
3
Let p be (-3)/(-30)*4 - (-69)/15. Suppose -4*g - 3*q + 304 = -183, -p*q = -4*g + 511. What is the tens digit of g?
2
Suppose -4*c + 10*c = 0. Let w(q) = 21 + q**2 - q + 0*q**2 - 6. What is the tens digit of w(c)?
1
Let o(x) = -32*x + 9. Let q(u) = 31*u - 10. Let v(p) = 3*o(p) + 4*q(p). Let d be v(6). Let y = d - 87. What is the tens digit of y?
6
Suppose -3*r = -30 - 12. What is the units digit of (-21)/r*(-30 + 0)?
5
Let r(y) = 4*y**2 - y - 4. Suppose 24*d - 12 = 28*d. What is the tens digit of r(d)?
3
Suppose -4*p = 2*w - 9*p + 8, -p + 5 = 3*w. Suppose -r - w = z, 4*r - r + z = 1. What is the units digit of 4*9/2 + r?
9
Suppose 2*y - 136 = -0*y. Suppose -y = -m - m. What is the tens digit of m?
3
Let k(n) = 51*n + 53. What is the hundreds digit of k(9)?
5
Let l be ((-7)/(-3) + -2)*-3. Let g(a) = -42*a**3 - a**2. Let j be g(l). Suppose 4 + j = 5*w. What is the units digit of w?
9
Let b(k) = -k**2 - 34*k + 56. What is the hundreds digit of b(-23)?
3
Suppose -2*f - 4*u + 824 = 0, 41*u - 2060 = -5*f + 37*u. What is the units digit of f?
2
Suppose v - 3*n - 25 = 0, n - 167 = -5*v + 2*n. What is the tens digit of v/((-1)/(-20)*5)?
3
Let g(y) = -100*y - 18. What is the units digit of g(-5)?
2
Let c(o) = 15*o - 2*o**3 + 42*o**2 + 0*o**2 + 13 - 21*o**2 + 0*o**3. What is the tens digit of c(11)?
5
Let d(t) = t**2 - 10*t - 2. Let x = -64 - -108. Suppose 0 = 7*r - 3*r - x. What is the units digit of d(r)?
9
Suppose 141*h - 139*h - 4*b - 9738 = 0, 5*b = -2*h + 9747. What is the thousands digit of h?
4
Suppose 120 = 3*n - 3*k, -3*n + 14*k - 9*k = -122. What is the units digit of n?
9
What is the hundreds digit of 4490/(-5)*-2 + 12/(-2)?
7
Suppose 7 - 13 = 3*x. Let s = 93 - x. Suppose -6*c + s = -c. What is the tens digit of c?
1
Suppose -10*x + 4 = -9*x. Suppose 0 = -x*z + 14 - 6. Suppose 0 = -z*a - 3*a + 90. What is the tens digit of a?
1
Let b be -2 + 1 + 27 + -23. Let s(x) = 4*x**3 + x**2 - 8. What is the units digit of s(b)?
9
Suppose -3*z + 3*c + 15 = -12, -3*c = 4*z - 1. What is the tens digit of (-158)/z*1*-2?
7
Let z = -908 + 2099. What is the hundreds digit of z?
1
Suppose 3*z - 11 = 298. What is the tens digit of 3 + (1 - 1) + (z - 7)?
9
Suppose 0 = 4*h - 3 - 9. Suppose -f - h = 2*o, f - 5*o = 13 + 12. What is the units digit of f?
5
Suppose -791 = -3*u + 592. What is the units digit of u?
1
Let i(r) = -4*r - 20*r**2 + 9*r**2 - 16 + 8*r**2. Let w(j) = 2*j**2 + 3*j + 11. Let a(x) = -5*i(x) - 7*w(x). What is the tens digit of a(-6)?
4
Suppose 5*u + 3*r = 8*r, -2*u - 2*r + 12 = 0. Suppose u*s = s - 2*t + 50, 0 = 5*s - t - 143. What is the tens digit of s?
2
Suppose -4*u + 5*j - 26 = 0, 6*j = -3*u + 3*j - 33. What is the tens digit of (-549)/u*(-1)/(-1)?
6
Suppose 5*r + 0*m - 10992 = m, 5*r = 3*m + 10996. What is the hundreds digit of r?
1
Suppose -7*w + 2424 = 709. Suppose -4*q = 3*q - w. What is the tens digit of q?
3
Let y(g) = -2*g + 619. What is the units digit of y(-50)?
9
Let r be 2/10 - 76/(-20). Let w = 13 - r. What is the tens digit of (w + -7)*4*2?
1
Suppose -2*o 